atest common divisor of 2 and 15406?
2
What is the greatest common factor of 5340 and 6?
6
Calculate the greatest common factor of 122 and 183.
61
Calculate the highest common factor of 46 and 713.
23
Calculate the greatest common divisor of 1 and 67.
1
What is the highest common factor of 136 and 1394?
34
Calculate the greatest common divisor of 1156 and 32.
4
Calculate the highest common divisor of 65 and 400.
5
What is the highest common divisor of 1105 and 510?
85
Calculate the greatest common divisor of 4776 and 36.
12
What is the greatest common factor of 19 and 3895?
19
Calculate the greatest common divisor of 75 and 50.
25
Calculate the highest common divisor of 20 and 2460.
20
Calculate the highest common divisor of 25 and 225.
25
Calculate the greatest common factor of 737 and 99.
11
What is the highest common divisor of 104 and 40?
8
Calculate the highest common factor of 144 and 54.
18
What is the highest common divisor of 21 and 69?
3
Calculate the greatest common factor of 11439 and 93.
93
Calculate the greatest common divisor of 1144 and 104.
104
Calculate the highest common factor of 27 and 135.
27
What is the greatest common divisor of 12 and 140?
4
What is the highest common factor of 965 and 10?
5
Calculate the greatest common factor of 156 and 132.
12
What is the greatest common divisor of 42 and 4?
2
What is the highest common factor of 102 and 42?
6
What is the greatest common factor of 135 and 30?
15
What is the highest common factor of 748 and 2176?
68
What is the greatest common factor of 2772 and 18?
18
What is the highest common divisor of 126 and 5026?
14
Calculate the greatest common divisor of 51 and 13481.
17
Calculate the highest common divisor of 6400 and 50.
50
Calculate the greatest common divisor of 9500 and 76.
76
Calculate the greatest common factor of 48 and 126.
6
Calculate the greatest common divisor of 1105 and 935.
85
What is the greatest common divisor of 100 and 2860?
20
Calculate the greatest common divisor of 2146 and 1036.
74
What is the greatest common factor of 235 and 141?
47
What is the highest common divisor of 115 and 2162?
23
Calculate the greatest common divisor of 18 and 2196.
18
What is the greatest common factor of 1104 and 496?
16
Calculate the greatest common factor of 6 and 78.
6
What is the greatest common factor of 39 and 6513?
39
Calculate the greatest common factor of 248 and 16.
8
What is the highest common divisor of 41 and 2419?
41
Calculate the highest common factor of 24 and 498.
6
What is the greatest common factor of 100 and 275?
25
What is the greatest common factor of 7 and 1792?
7
Calculate the greatest common divisor of 85 and 110.
5
Calculate the greatest common divisor of 915 and 45.
15
What is the highest common factor of 12 and 132?
12
Calculate the highest common factor of 4 and 3172.
4
What is the highest common divisor of 17384 and 8?
8
What is the highest common factor of 365 and 5?
5
Calculate the highest common factor of 68 and 510.
34
What is the greatest common divisor of 272 and 85?
17
Calculate the highest common divisor of 42 and 672.
42
What is the greatest common divisor of 784 and 16?
16
What is the greatest common divisor of 19436 and 516?
172
What is the highest common divisor of 1040 and 715?
65
Calculate the highest common factor of 78 and 24.
6
Calculate the greatest common factor of 36 and 300.
12
What is the highest common divisor of 17 and 2125?
17
What is the greatest common factor of 219 and 70956?
219
Calculate the greatest common factor of 249 and 3154.
83
Calculate the greatest common divisor of 1075 and 258.
43
Calculate the greatest common divisor of 341 and 62.
31
What is the highest common divisor of 9238 and 31?
31
Calculate the highest common factor of 64 and 4.
4
What is the highest common factor of 53 and 1643?
53
What is the greatest common factor of 41944 and 14?
14
What is the greatest common factor of 192 and 256?
64
Calculate the highest common factor of 84 and 14.
14
Calculate the highest common factor of 585 and 9.
9
Calculate the greatest common factor of 312 and 30.
6
What is the greatest common factor of 2892 and 12?
12
Calculate the highest common factor of 628 and 1727.
157
Calculate the highest common factor of 10 and 13920.
10
What is the highest common divisor of 621 and 46?
23
Calculate the greatest common factor of 3 and 4791.
3
Calculate the greatest common divisor of 3683 and 508.
127
What is the highest common divisor of 154 and 126?
14
Calculate the highest common divisor of 5808 and 2992.
176
Calculate the greatest common divisor of 2602 and 14.
2
Calculate the greatest common factor of 38 and 6802.
38
Calculate the highest common divisor of 1254 and 228.
114
What is the highest common divisor of 28 and 64?
4
What is the highest common factor of 700 and 14?
14
Calculate the greatest common divisor of 1106 and 42.
14
Calculate the highest common divisor of 47 and 1363.
47
What is the highest common divisor of 13615 and 35?
35
Calculate the greatest common divisor of 54 and 27.
27
Calculate the highest common divisor of 19 and 21071.
19
What is the greatest common divisor of 27 and 243?
27
Calculate the highest common factor of 15 and 10.
5
What is the highest common factor of 6496 and 116?
116
What is the highest common divisor of 13 and 17953?
13
Calculate the greatest common factor of 24 and 192.
24
What is the highest common divisor of 10092 and 12?
12
Calculate the highest common factor of 8 and 1714.
2
Calculate the highest common divisor of 44 and 1892.
44
Calculate the highest common factor of 14966 and 14.
14
What is the greatest common divisor of 392 and 2380?
28
Calculate the highest common factor of 129 and 172.
43
Calculate the highest common divisor of 2048 and 1152.
128
What is the greatest common factor of 24 and 1176?
24
Calculate the highest common factor of 174 and 25404.
174
What is the highest common factor of 75 and 27975?
75
Calculate the highest common divisor of 50 and 40.
10
What is the greatest common factor of 64 and 4?
4
What is the greatest common factor of 17 and 578?
17
Calculate the greatest common divisor of 1335 and 285.
15
What is the greatest common factor of 3972 and 48?
12
Calculate the greatest common factor of 2220 and 768.
12
What is the greatest common divisor of 21399 and 42?
21
Calculate the greatest common divisor of 9968 and 560.
112
What is the highest common divisor of 8469 and 27?
9
What is the greatest common divisor of 28 and 1078?
14
Calculate the greatest common divisor of 672 and 60.
12
Calculate the greatest common factor of 153 and 1632.
51
What is the highest common factor of 1540 and 1771?
77
What is the greatest common factor of 117 and 71019?
117
What is the greatest common factor of 92 and 690?
46
Calculate the highest common factor of 84 and 231.
21
What is the greatest common divisor of 344 and 516?
172
What is the highest common divisor of 754 and 234?
26
Calculate the highest common divisor of 68 and 4.
4
Calculate the highest common divisor of 38912 and 152.
152
What is the greatest common divisor of 18 and 224?
2
Calculate the greatest common divisor of 2163 and 824.
103
What is the greatest common divisor of 38 and 4294?
38
What is the greatest common factor of 36 and 6012?
36
What is the highest common factor of 58058 and 14?
14
Calculate the greatest common divisor of 830 and 1079.
83
What is the highest common divisor of 144 and 44208?
144
Calculate the highest common factor of 384 and 1488.
48
Calculate the greatest common divisor of 7 and 49.
7
Calculate the greatest common divisor of 1541 and 897.
23
What is the highest common factor of 2323 and 23?
23
What is the greatest common divisor of 44 and 2354?
22
Calculate the highest common divisor of 528 and 192.
48
What is the highest common factor of 13 and 338?
13
Calculate the highest common divisor of 66 and 1518.
66
Calculate the highest common divisor of 24 and 456.
24
Calculate the highest common divisor of 64 and 576.
64
Calculate the highest common factor of 7 and 13804.
7
What is the highest common divisor of 46 and 230?
46
What is the greatest common divisor of 459 and 27?
27
Calculate the highest common divisor of 913 and 415.
83
Calculate the greatest common factor of 1269